{"id":77,"date":"2021-06-03T09:26:32","date_gmt":"2021-06-03T09:26:32","guid":{"rendered":"https:\/\/www.zampagni.com\/?page_id=77"},"modified":"2021-06-03T09:26:32","modified_gmt":"2021-06-03T09:26:32","slug":"chi","status":"publish","type":"page","link":"https:\/\/www.cvpc.it\/index.php\/chi\/","title":{"rendered":"Chi"},"content":{"rendered":"\n<p>UN PO\u2019 DI STORIA<\/p>\n\n\n\n<p>Il CORPO VOLONTARI PROTEZIONE CIVILE (C.V.P.C.) &#8211; Milano, associazione no profit apolitica, \u00e8 costituito da volontari che mettono a disposizione il proprio tempo e le proprie capacit\u00e0, formandosi attraverso severi corsi, per essere pronti in caso di necessit\u00e0.<\/p>\n\n\n\n<p>Nasce nel 1976, il primo in Lombardia e uno tra i primi in Italia, per opera di un gruppo di volontari reduci dal Friuli, che avevano prestato servizio ai terremotati con le ambulanze delle Pubbliche Assistenze milanesi.<\/p>\n\n\n\n<p>La Prefettura di Milano, nel 1980, gli affida il compito di coordinare gli aiuti nel paese di Volturara Irpina, in occasione del sisma che colp\u00ec quella zona; si concretizza allora la volont\u00e0 di strutturare l\u2019Associazione con compiti specialistici di intervento immediato con una completa autosufficienza per le prime 72 ore.<\/p>\n\n\n\n<p>Viene cos\u00ec dal 1987 riconosciuto e iscritto al registro del Dipartimento di Protezione Civile, inserito nel ruolino delle associazioni di volontariato della Regione Lombardia e nella struttura operativa della Prefettura di Milano. I responsabili del C.V.P.C. hanno compiti di coordinamento nella sala emergenze della Protezione Civile della Prefettura e della Provincia di Milano.<\/p>\n\n\n\n<p>La &#8220;forza operativa&#8221; conta oggi sull\u2019attivit\u00e0 di volontari che, con un calendario specifico per ogni Unit\u00e0, sviluppa un addestramento costante e continuo; gli allievi seguono corsi mirati, teorici e pratici, con esame finale.<\/p>\n\n\n\n<p>I volontari conducono la propria attivit\u00e0 sotto il patrocinio della Provincia di Milano, che offre loro ospitalit\u00e0 nella sede di via Pusiano e nelle aree di addestramento per le squadre di intervento: il &#8220;campo macerie&#8221; di Novegro, la cascina Pizzabrasa (di Pieve Emanuele).<\/p>\n\n\n\n<p>IN CASO DI EMERGENZA \u2026<\/p>\n\n\n\n<p>Si attiva l&#8217;Unit\u00e0 di Comando che, a stretto contatto con la Segreteria Operativa, supporta e coordina tutte le operazioni e le tre specifiche Unit\u00e0 di intervento:<br>Squadra Logistica per l\u2019attivazione e la conservazione dei mezzi, del materiale di pronto intervento e per la progettazione, l\u2019allestimento e la gestione di Campi Base.<br>Squadra Telecomunicazioni formata da operatori radio che prestano servizio esclusivo all\u2019interno dell\u2019Associazione e supportano le Unit\u00e0 per i collegamenti a brevi (comando) e lunghe (sede centrale e Istituzioni competenti) distanze.<br>Squadra USAR preposta al recupero di persone sopra e sotto le macerie o in posizioni impervie, in grado di portare il primo soccorso sanitario.<br>Inoltre, in caso di necessit\u00e0, un nucleo di venti persone, l\u2019Unit\u00e0 di Crisi (H24) \u00e8 costantemente pronta ad un immediato intervento in poche ore dalla chiamata, con il materiale di prima necessit\u00e0 predisposto in casse metalliche modulari di peso e dimensioni standard volute dall\u2019aeronautica.<br>Nelle ultime emergenze l&#8217;Unit\u00e0 Cinofila \u00e8 intervenuta in tempi ancor pi\u00f9 brevi, tra i 15 e i 45 minuti, dall&#8217;evento.<\/p>\n\n\n\n<p>Il CVPC &#8211; Milano \u00e8 l&#8217;unico Corpo ad essere abilitato a viaggiare con gli elicotteri del S.A.R. (Search And Rescue) dell\u2019Aeronautica Militare, utilizzati soltanto dal Soccorso Alpino e dalla Croce Rossa Italiana. Recarsi sul luogo di un incidente o di una calamit\u00e0 con gli elicotteri richiede un addestramento specifico, sia per gli uomini sia per i cani. Animali e soccorritori devono imparare a muoversi e ad operare in perfetta sintonia, per agevolare al massimo le operazioni senza metter in pericolo la propria incolumit\u00e0 e quella dei compagni.<br>Infine ricordiamo la stretta collaborazione sia in intervento sia in addestramento tra il C.V.P.C. &#8211; Milano e il Corpo Nazionale dei Vigili del Fuoco.<\/p>\n\n\n\n<p>\u2026 E NON SOLO<\/p>\n\n\n\n<p>Grazie al contributo della Provincia di Milano, nel 1985, l\u2019Associazione ha costituito una Scuola per la formazione di unit\u00e0 cinofile da ricerca e catastrofe, in cui vengono addestrati conduttori e cani per operazioni di ricerca di persone sepolte da macerie.<br>Negli anni, con un generoso contributo alla collettivit\u00e0, si \u00e8 accresciuta la preparazione dell\u2019Unit\u00e0 Cinofila e di Recupero, che hanno sviluppato un know how che non trova altro riscontro nelle componenti istituzionali della Protezione Civile.<\/p>\n\n\n\n<p>FORMAZIONE E INFORMAZIONE<\/p>\n\n\n\n<p>Tra le numerose attivit\u00e0 vi \u00e8 anche una costante opera di formazione e informazione dei propri associati, per i quali vengono promossi corsi monografici tenuti da personale competente sia esterno sia interno.<br>Inoltre dall\u2019anno 2005 \u00e8 stata istituita la Squadra Allievi che, con corsi a cadenza annuale, forma i volontari per renderli degli specialisti di settore.<\/p>\n\n\n\n<p>TIPOLOGIE DI INTERVENTO<\/p>\n\n\n\n<p>Lo spettro d&#8217;azione \u00e8 molto vasto: dall&#8217;intervento in caso di calamit\u00e0 naturali, alle missioni umanitarie, fino ad altri eventi come il supporto generico a fiere e manifestazioni.<\/p>\n\n\n\n<p>UNA PRESENZA COSTANTE SUL TERRITORIO<\/p>\n\n\n\n<p>L\u2019attivit\u00e0 non si concretizza solo nella fase di emergenza, ma anche in un\u2019ottica di educazione e prevenzione del rischio.<\/p>\n\n\n\n<p>Tutti i volontari sono impegnati in un\u2019opera di divulgazione dei concetti di protezione civile attraverso mostre, convegni, manifestazioni ed esibizioni e, regolarmente consultati, in materia di protezione civile da comuni e altri enti.<\/p>\n\n\n\n<p>Dal 1995 il C.V.P.C. ha sviluppato un ruolo portante nel progetto \u201cScuola Sicura\u201d del Ministero dell\u2019Interno per le scuole della provincia di Milano e, prendendo spunto da questa iniziativa, nel 1999 si costituisce il progetto Sicurezza nelle Scuole importante lavoro divulgativo per le scuole lombarde dove vengono tenute diverse lezioni agli alunni e al personale docente e non docente, prima di realizzare (e far realizzare dagli alunni) prove di evacuazione dell\u2019edificio scolastico.<\/p>\n\n\n\n<p>QUALCHE ESEMPIO D\u2019ATTIVITA&#8217;<\/p>\n\n\n\n<p>Nel corso degli anni il personale dell\u2019Associazione \u00e8 intervenuto in occasione di diversi eventi calamitosi. Tra i pi\u00f9 significativi: l\u2019esplosione della Casa di Riposo a Motta Visconti, l\u2019alluvione in Valtellina, il terremoto Umbria e Marche, la frana di fango a Sarno, il campo profughi di Kukes 2 (Albania) e il terremoto in Turchia (dove un solo cane \u00e8 riuscito a trovare tra le macerie ben 23 persone, 6 delle quali ancora in vita), il crollo di un edificio a Foggia, l\u2019esondazione del fiume Po, il disastro aereo contro il grattacielo Pirelli, il crollo della palazzina in via Lomellina a Milano e il recente terremoto in Abruzzo del 2009.<br>In queste ed in altre occasioni il C.V.P.C. ha collaborato strettamente con le Istituzioni e altre componenti di volontariato presenti sul territorio.<\/p>\n\n\n\n<p>Per qualsiasi informazione la Segreteria Operativa \u00e8 a vostra disposizione tutti i gioved\u00ec dalle 21.00 alle 23.00<\/p>\n","protected":false},"excerpt":{"rendered":"<p>UN PO\u2019 DI STORIA Il CORPO VOLONTARI PROTEZIONE CIVILE (C.V.P.C.) &#8211; Milano, associazione no profit apolitica, \u00e8 costituito da volontari che mettono a disposizione il proprio tempo e le proprie capacit\u00e0, formandosi attraverso severi&#46;&#46;&#46;<\/p>\n","protected":false},"author":1,"featured_media":0,"parent":0,"menu_order":0,"comment_status":"closed","ping_status":"closed","template":"","meta":{"_price":"","_stock":"","_tribe_ticket_header":"","_tribe_default_ticket_provider":"","_tribe_ticket_capacity":"0","_ticket_start_date":"","_ticket_end_date":"","_tribe_ticket_show_description":"","_tribe_ticket_show_not_going":false,"_tribe_ticket_use_global_stock":"","_tribe_ticket_global_stock_level":"","_global_stock_mode":"","_global_stock_cap":"","_tribe_rsvp_for_event":"","_tribe_ticket_going_count":"","_tribe_ticket_not_going_count":"","_tribe_tickets_list":"[]","_tribe_ticket_has_attendee_info_fields":false,"footnotes":""},"_links":{"self":[{"href":"https:\/\/www.cvpc.it\/index.php\/wp-json\/wp\/v2\/pages\/77"}],"collection":[{"href":"https:\/\/www.cvpc.it\/index.php\/wp-json\/wp\/v2\/pages"}],"about":[{"href":"https:\/\/www.cvpc.it\/index.php\/wp-json\/wp\/v2\/types\/page"}],"author":[{"embeddable":true,"href":"https:\/\/www.cvpc.it\/index.php\/wp-json\/wp\/v2\/users\/1"}],"replies":[{"embeddable":true,"href":"https:\/\/www.cvpc.it\/index.php\/wp-json\/wp\/v2\/comments?post=77"}],"version-history":[{"count":0,"href":"https:\/\/www.cvpc.it\/index.php\/wp-json\/wp\/v2\/pages\/77\/revisions"}],"wp:attachment":[{"href":"https:\/\/www.cvpc.it\/index.php\/wp-json\/wp\/v2\/media?parent=77"}],"curies":[{"name":"wp","href":"https:\/\/api.w.org\/{rel}","templated":true}]}}